{"id":9,"date":"2024-11-20T18:33:29","date_gmt":"2024-11-20T18:33:29","guid":{"rendered":"https:\/\/actieveinversionesbolivia.com\/profiteadigitalbolivia\/inicio\/"},"modified":"2024-11-28T22:42:45","modified_gmt":"2024-11-28T22:42:45","slug":"inicio","status":"publish","type":"page","link":"https:\/\/actieveinversionesbolivia.com\/profiteadigitalbolivia\/","title":{"rendered":"Inicio"},"content":{"rendered":"\n<div class=\"wp-block-uagb-container uagb-block-787987b0 alignfull uagb-is-root-container\"><div class=\"uagb-container-inner-blocks-wrap\">\n<div class=\"wp-block-uagb-container uagb-block-52ed9b8c\"><\/div>\n\n\n\n<div class=\"wp-block-uagb-container uagb-block-c9481a55\">\n<div class=\"wp-block-uagb-info-box uagb-block-a0945198 uagb-infobox__content-wrap  uagb-infobox-icon-above-title uagb-infobox-image-valign-top\"><div class=\"uagb-ifb-content\"><div class=\"uagb-ifb-title-wrap\"><h1 class=\"uagb-ifb-title\">Cursos de Trading Online<\/h1><\/div><p class=\"uagb-ifb-desc\">Aqu\u00ed aprender\u00e1s a dominar los mercados financieros con cursos pr\u00e1cticos y estrategias clave, adaptados tanto para principiantes como para Traders con experiencia. Te ofrecemos acceso a herramientas avanzadas, asesor\u00eda personalizada y una comunidad de apoyo. \u00a1Da el primer paso hacia el \u00e9xito en el trading hoy mismo!.<\/p><div class=\"uagb-ifb-button-wrapper wp-block-button\"><a href=\"https:\/\/actieveinversionesbolivia.com\/profiteadigitalbolivia\/cursos\/\" class=\"uagb-infobox-cta-link wp-block-button__link\" target=\"_self\" rel=\"noopener noreferrer\" onclick=\"return true;\"><span class=\"uagb-inline-editing\">Ver Curso<\/span><\/a><\/div><\/div><\/div>\n<\/div>\n\n\n\n<div class=\"wp-block-uagb-container uagb-block-8b66db43\"><\/div>\n<\/div><\/div>\n\n\n\n<div class=\"wp-block-uagb-container uagb-block-89b57f19 alignfull uagb-is-root-container\"><div class=\"uagb-container-inner-blocks-wrap\">\n<div class=\"wp-block-uagb-container uagb-block-2ffdad08\">\n<div class=\"wp-block-uagb-info-box uagb-block-10d1b4a4 uagb-infobox__content-wrap  uagb-infobox-icon-left uagb-infobox-left uagb-infobox-stacked-tablet uagb-infobox-image-valign-top\"><div class=\"uagb-ifb-image-content\"><img loading=\"lazy\" decoding=\"async\" src=\"https:\/\/actieveinversionesbolivia.com\/profiteadigitalbolivia\/wp-content\/uploads\/2024\/11\/2-150x150.png\" alt=\"\" width=\"69\" height=\"69\" loading=\"lazy\"\/><\/div><div class=\"uagb-ifb-content\"><div class=\"uagb-ifb-title-wrap\"><h3 class=\"uagb-ifb-title\">Grupo de apoyo<\/h3><\/div><p class=\"uagb-ifb-desc\">Acceso a una comunidad de estudiantes y traders para compartir experiencias y resolver dudas.<\/p><\/div><\/div>\n<\/div>\n\n\n\n<div class=\"wp-block-uagb-info-box uagb-block-16610762 uagb-infobox__content-wrap  uagb-infobox-icon-left uagb-infobox-left uagb-infobox-stacked-tablet uagb-infobox-image-valign-top\"><div class=\"uagb-ifb-image-content\"><img loading=\"lazy\" decoding=\"async\" src=\"https:\/\/actieveinversionesbolivia.com\/profiteadigitalbolivia\/wp-content\/uploads\/2024\/11\/3-150x150.png\" alt=\"\" width=\"69\" height=\"69\" loading=\"lazy\"\/><\/div><div class=\"uagb-ifb-content\"><div class=\"uagb-ifb-title-wrap\"><h3 class=\"uagb-ifb-title\">Asesor\u00eda en l\u00ednea<\/h3><\/div><p class=\"uagb-ifb-desc\">Sesiones personalizadas con expertos para resolver preguntas y recibir orientaci\u00f3n.<\/p><\/div><\/div>\n\n\n\n<div class=\"wp-block-uagb-info-box uagb-block-e6cd5430 uagb-infobox__content-wrap  uagb-infobox-icon-left uagb-infobox-left uagb-infobox-stacked-tablet uagb-infobox-image-valign-top\"><div class=\"uagb-ifb-image-content\"><img loading=\"lazy\" decoding=\"async\" src=\"https:\/\/actieveinversionesbolivia.com\/profiteadigitalbolivia\/wp-content\/uploads\/2024\/11\/4-150x150.png\" alt=\"\" width=\"69\" height=\"69\" loading=\"lazy\"\/><\/div><div class=\"uagb-ifb-content\"><div class=\"uagb-ifb-title-wrap\"><h3 class=\"uagb-ifb-title\">Pago en l\u00ednea<\/h3><\/div><p class=\"uagb-ifb-desc\">Opciones de pago en l\u00ednea r\u00e1pidas, seguras y f\u00e1cil y segura desde cualquier lugar del mundo.<\/p><\/div><\/div>\n<\/div><\/div>\n","protected":false},"excerpt":{"rendered":"","protected":false},"author":1,"featured_media":0,"parent":0,"menu_order":0,"comment_status":"closed","ping_status":"closed","template":"","meta":{"pmpro_default_level":"","_uag_custom_page_level_css":"","site-sidebar-layout":"default","site-content-layout":"","ast-site-content-layout":"","site-content-style":"default","site-sidebar-style":"default","ast-global-header-display":"","ast-banner-title-visibility":"","ast-main-header-display":"","ast-hfb-above-header-display":"","ast-hfb-below-header-display":"","ast-hfb-mobile-header-display":"","site-post-title":"disabled","ast-breadcrumbs-content":"","ast-featured-img":"","footer-sml-layout":"","ast-disable-related-posts":"","theme-transparent-header-meta":"","adv-header-id-meta":"","stick-header-meta":"","header-above-stick-meta":"","header-main-stick-meta":"","header-below-stick-meta":"","astra-migrate-meta-layouts":"default","ast-page-background-enabled":"default","ast-page-background-meta":{"desktop":{"background-color":"var(--ast-global-color-4)","background-image":"","background-repeat":"repeat","background-position":"center center","background-size":"auto","background-attachment":"scroll","background-type":"","background-media":"","overlay-type":"","overlay-color":"","overlay-opacity":"","overlay-gradient":""},"tablet":{"background-color":"","background-image":"","background-repeat":"repeat","background-position":"center center","background-size":"auto","background-attachment":"scroll","background-type":"","background-media":"","overlay-type":"","overlay-color":"","overlay-opacity":"","overlay-gradient":""},"mobile":{"background-color":"","background-image":"","background-repeat":"repeat","background-position":"center center","background-size":"auto","background-attachment":"scroll","background-type":"","background-media":"","overlay-type":"","overlay-color":"","overlay-opacity":"","overlay-gradient":""}},"ast-content-background-meta":{"desktop":{"background-color":"var(--ast-global-color-5)","background-image":"","background-repeat":"repeat","background-position":"center center","background-size":"auto","background-attachment":"scroll","background-type":"","background-media":"","overlay-type":"","overlay-color":"","overlay-opacity":"","overlay-gradient":""},"tablet":{"background-color":"var(--ast-global-color-5)","background-image":"","background-repeat":"repeat","background-position":"center center","background-size":"auto","background-attachment":"scroll","background-type":"","background-media":"","overlay-type":"","overlay-color":"","overlay-opacity":"","overlay-gradient":""},"mobile":{"background-color":"var(--ast-global-color-5)","background-image":"","background-repeat":"repeat","background-position":"center center","background-size":"auto","background-attachment":"scroll","background-type":"","background-media":"","overlay-type":"","overlay-color":"","overlay-opacity":"","overlay-gradient":""}},"footnotes":""},"class_list":["post-9","page","type-page","status-publish","hentry","pmpro-has-access"],"aioseo_notices":[],"uagb_featured_image_src":{"full":false,"thumbnail":false,"medium":false,"medium_large":false,"large":false,"1536x1536":false,"2048x2048":false,"mailpoet_newsletter_max":false,"woocommerce_thumbnail":false,"woocommerce_single":false,"woocommerce_gallery_thumbnail":false},"uagb_author_info":{"display_name":"profiteadifitalbolivia","author_link":"https:\/\/actieveinversionesbolivia.com\/profiteadigitalbolivia\/author\/profiteadifitalbolivia\/"},"uagb_comment_info":0,"uagb_excerpt":null,"_links":{"self":[{"href":"https:\/\/actieveinversionesbolivia.com\/profiteadigitalbolivia\/wp-json\/wp\/v2\/pages\/9","targetHints":{"allow":["GET"]}}],"collection":[{"href":"https:\/\/actieveinversionesbolivia.com\/profiteadigitalbolivia\/wp-json\/wp\/v2\/pages"}],"about":[{"href":"https:\/\/actieveinversionesbolivia.com\/profiteadigitalbolivia\/wp-json\/wp\/v2\/types\/page"}],"author":[{"embeddable":true,"href":"https:\/\/actieveinversionesbolivia.com\/profiteadigitalbolivia\/wp-json\/wp\/v2\/users\/1"}],"replies":[{"embeddable":true,"href":"https:\/\/actieveinversionesbolivia.com\/profiteadigitalbolivia\/wp-json\/wp\/v2\/comments?post=9"}],"version-history":[{"count":5,"href":"https:\/\/actieveinversionesbolivia.com\/profiteadigitalbolivia\/wp-json\/wp\/v2\/pages\/9\/revisions"}],"predecessor-version":[{"id":162,"href":"https:\/\/actieveinversionesbolivia.com\/profiteadigitalbolivia\/wp-json\/wp\/v2\/pages\/9\/revisions\/162"}],"wp:attachment":[{"href":"https:\/\/actieveinversionesbolivia.com\/profiteadigitalbolivia\/wp-json\/wp\/v2\/media?parent=9"}],"curies":[{"name":"wp","href":"https:\/\/api.w.org\/{rel}","templated":true}]}}